{"id":12,"date":"2025-12-28T23:45:39","date_gmt":"2025-12-28T23:45:39","guid":{"rendered":"https:\/\/www.ivanmteletrica.com.br\/?page_id=12"},"modified":"2026-01-05T00:24:04","modified_gmt":"2026-01-05T00:24:04","slug":"contato","status":"publish","type":"page","link":"https:\/\/www.ivanmteletrica.com.br\/?page_id=12","title":{"rendered":"Contato"},"content":{"rendered":"<style id=\"wpforms-css-vars-16-block-d27a3e3d-2ed0-4450-8aa1-f1cd0b3af959\">\n\t\t\t\t#wpforms-16.wpforms-block-d27a3e3d-2ed0-4450-8aa1-f1cd0b3af959 {\n\t\t\t\t--wpforms-field-size-input-height: 43px;\n--wpforms-field-size-input-spacing: 15px;\n--wpforms-field-size-font-size: 16px;\n--wpforms-field-size-line-height: 19px;\n--wpforms-field-size-padding-h: 14px;\n--wpforms-field-size-checkbox-size: 16px;\n--wpforms-field-size-sublabel-spacing: 5px;\n--wpforms-field-size-icon-size: 1;\n--wpforms-label-size-font-size: 16px;\n--wpforms-label-size-line-height: 19px;\n--wpforms-label-size-sublabel-font-size: 14px;\n--wpforms-label-size-sublabel-line-height: 17px;\n--wpforms-button-size-font-size: 17px;\n--wpforms-button-size-height: 41px;\n--wpforms-button-size-padding-h: 15px;\n--wpforms-button-size-margin-top: 10px;\n\t\t\t}\n\t\t\t<\/style><div class=\"wpforms-container wpforms-container-full wpforms-block wpforms-block-d27a3e3d-2ed0-4450-8aa1-f1cd0b3af959 wpforms-render-modern\" id=\"wpforms-16\"><form id=\"wpforms-form-16\" class=\"wpforms-validate wpforms-form wpforms-ajax-form\" data-formid=\"16\" method=\"post\" enctype=\"multipart\/form-data\" action=\"\/index.php?rest_route=%2Fwp%2Fv2%2Fpages%2F12\" data-token=\"bde695fe5d20c4f5f0695cbd1584786b\" data-token-time=\"1775390701\"><noscript class=\"wpforms-error-noscript\">Ative o JavaScript no seu navegador para preencher este formul\u00e1rio.<\/noscript><div id=\"wpforms-error-noscript\" style=\"display: none;\">Ative o JavaScript no seu navegador para preencher este formul\u00e1rio.<\/div><div class=\"wpforms-field-container\"><div id=\"wpforms-16-field_1-container\" class=\"wpforms-field wpforms-field-name\" data-field-id=\"1\"><fieldset><legend class=\"wpforms-field-label\">Nome <span class=\"wpforms-required-label\" aria-hidden=\"true\">*<\/span><\/legend><div class=\"wpforms-field-row wpforms-field-medium\"><div class=\"wpforms-field-row-block wpforms-first wpforms-one-half\"><input type=\"text\" id=\"wpforms-16-field_1\" class=\"wpforms-field-name-first wpforms-field-required\" name=\"wpforms[fields][1][first]\" aria-errormessage=\"wpforms-16-field_1-error\" required><label for=\"wpforms-16-field_1\" class=\"wpforms-field-sublabel after\">Nome<\/label><\/div><div class=\"wpforms-field-row-block wpforms-one-half\"><input type=\"text\" id=\"wpforms-16-field_1-last\" class=\"wpforms-field-name-last wpforms-field-required\" name=\"wpforms[fields][1][last]\" aria-errormessage=\"wpforms-16-field_1-last-error\" required><label for=\"wpforms-16-field_1-last\" class=\"wpforms-field-sublabel after\">Sobrenome<\/label><\/div><\/div><\/fieldset><\/div><div id=\"wpforms-16-field_2-container\" class=\"wpforms-field wpforms-field-email\" data-field-id=\"2\"><label class=\"wpforms-field-label\" for=\"wpforms-16-field_2\">E-mail <span class=\"wpforms-required-label\" aria-hidden=\"true\">*<\/span><\/label><input type=\"email\" id=\"wpforms-16-field_2\" class=\"wpforms-field-medium wpforms-field-required\" name=\"wpforms[fields][2]\" spellcheck=\"false\" aria-errormessage=\"wpforms-16-field_2-error\" required><\/div><div id=\"wpforms-16-field_4-container\" class=\"wpforms-field wpforms-field-number\" data-field-id=\"4\"><label class=\"wpforms-field-label\" for=\"wpforms-16-field_4\">Telefone para contato<\/label><input type=\"number\" id=\"wpforms-16-field_4\" class=\"wpforms-field-medium\" name=\"wpforms[fields][4]\" step=\"any\" aria-errormessage=\"wpforms-16-field_4-error\" ><\/div>\t\t<div id=\"wpforms-16-field_5-container\"\n\t\t\tclass=\"wpforms-field wpforms-field-text\"\n\t\t\tdata-field-type=\"text\"\n\t\t\tdata-field-id=\"5\"\n\t\t\t>\n\t\t\t<label class=\"wpforms-field-label\" for=\"wpforms-16-field_5\" >sua Nome para<\/label>\n\t\t\t<input type=\"text\" id=\"wpforms-16-field_5\" class=\"wpforms-field-medium\" name=\"wpforms[fields][5]\" >\n\t\t<\/div>\n\t\t<div id=\"wpforms-16-field_3-container\" class=\"wpforms-field wpforms-field-textarea\" data-field-id=\"3\"><label class=\"wpforms-field-label\" for=\"wpforms-16-field_3\">Deixe sua Mensagem<\/label><textarea id=\"wpforms-16-field_3\" class=\"wpforms-field-medium\" name=\"wpforms[fields][3]\" aria-errormessage=\"wpforms-16-field_3-error\" ><\/textarea><\/div><script>\n\t\t\t\t( function() {\n\t\t\t\t\tconst style = document.createElement( 'style' );\n\t\t\t\t\tstyle.appendChild( document.createTextNode( '#wpforms-16-field_5-container { position: absolute !important; overflow: hidden !important; display: inline !important; height: 1px !important; width: 1px !important; z-index: -1000 !important; padding: 0 !important; } #wpforms-16-field_5-container input { visibility: hidden; } #wpforms-conversational-form-page #wpforms-16-field_5-container label { counter-increment: none; }' ) );\n\t\t\t\t\tdocument.head.appendChild( style );\n\t\t\t\t\tdocument.currentScript?.remove();\n\t\t\t\t} )();\n\t\t\t<\/script><\/div><!-- .wpforms-field-container --><div class=\"wpforms-submit-container\" ><input type=\"hidden\" name=\"wpforms[id]\" value=\"16\"><input type=\"hidden\" name=\"page_title\" value=\"\"><input type=\"hidden\" name=\"page_url\" value=\"https:\/\/www.ivanmteletrica.com.br\/index.php?rest_route=\/wp\/v2\/pages\/12\"><input type=\"hidden\" name=\"url_referer\" value=\"\"><button type=\"submit\" name=\"wpforms[submit]\" id=\"wpforms-submit-16\" class=\"wpforms-submit\" data-alt-text=\"Enviando\u2026\" data-submit-text=\"Enviar\" aria-live=\"assertive\" value=\"wpforms-submit\">Enviar<\/button><img loading=\"lazy\" decoding=\"async\" src=\"https:\/\/www.ivanmteletrica.com.br\/wp-content\/plugins\/wpforms-lite\/assets\/images\/submit-spin.svg\" class=\"wpforms-submit-spinner\" style=\"display: none;\" width=\"26\" height=\"26\" alt=\"Carregando\"><\/div><\/form><\/div>  <!-- .wpforms-container -->","protected":false},"excerpt":{"rendered":"","protected":false},"author":1,"featured_media":0,"parent":26,"menu_order":0,"comment_status":"closed","ping_status":"closed","template":"","meta":{"ocean_post_layout":"full-width","ocean_both_sidebars_style":"","ocean_both_sidebars_content_width":25,"ocean_both_sidebars_sidebars_width":25,"ocean_sidebar":"","ocean_second_sidebar":"","ocean_disable_margins":"enable","ocean_add_body_class":"","ocean_shortcode_before_top_bar":"","ocean_shortcode_after_top_bar":"","ocean_shortcode_before_header":"","ocean_shortcode_after_header":"","ocean_has_shortcode":"","ocean_shortcode_after_title":"","ocean_shortcode_before_footer_widgets":"","ocean_shortcode_after_footer_widgets":"","ocean_shortcode_before_footer_bottom":"","ocean_shortcode_after_footer_bottom":"","ocean_display_top_bar":"default","ocean_display_header":"default","ocean_header_style":"","ocean_center_header_left_menu":"","ocean_custom_header_template":"","ocean_custom_logo":218,"ocean_custom_retina_logo":0,"ocean_custom_logo_max_width":213,"ocean_custom_logo_tablet_max_width":0,"ocean_custom_logo_mobile_max_width":0,"ocean_custom_logo_max_height":238,"ocean_custom_logo_tablet_max_height":0,"ocean_custom_logo_mobile_max_height":0,"ocean_header_custom_menu":"","ocean_menu_typo_font_family":"","ocean_menu_typo_font_subset":"","ocean_menu_typo_font_size":0,"ocean_menu_typo_font_size_tablet":0,"ocean_menu_typo_font_size_mobile":0,"ocean_menu_typo_font_size_unit":"px","ocean_menu_typo_font_weight":"","ocean_menu_typo_font_weight_tablet":"","ocean_menu_typo_font_weight_mobile":"","ocean_menu_typo_transform":"","ocean_menu_typo_transform_tablet":"","ocean_menu_typo_transform_mobile":"","ocean_menu_typo_line_height":0,"ocean_menu_typo_line_height_tablet":0,"ocean_menu_typo_line_height_mobile":0,"ocean_menu_typo_line_height_unit":"","ocean_menu_typo_spacing":0,"ocean_menu_typo_spacing_tablet":0,"ocean_menu_typo_spacing_mobile":0,"ocean_menu_typo_spacing_unit":"","ocean_menu_link_color":"","ocean_menu_link_color_hover":"","ocean_menu_link_color_active":"","ocean_menu_link_background":"","ocean_menu_link_hover_background":"","ocean_menu_link_active_background":"","ocean_menu_social_links_bg":"","ocean_menu_social_hover_links_bg":"","ocean_menu_social_links_color":"","ocean_menu_social_hover_links_color":"","ocean_disable_title":"default","ocean_disable_heading":"default","ocean_post_title":"","ocean_post_subheading":"","ocean_post_title_style":"","ocean_post_title_background_color":"","ocean_post_title_background":0,"ocean_post_title_bg_image_position":"","ocean_post_title_bg_image_attachment":"","ocean_post_title_bg_image_repeat":"","ocean_post_title_bg_image_size":"","ocean_post_title_height":0,"ocean_post_title_bg_overlay":0.5,"ocean_post_title_bg_overlay_color":"","ocean_disable_breadcrumbs":"default","ocean_breadcrumbs_color":"","ocean_breadcrumbs_separator_color":"","ocean_breadcrumbs_links_color":"","ocean_breadcrumbs_links_hover_color":"","ocean_display_footer_widgets":"default","ocean_display_footer_bottom":"default","ocean_custom_footer_template":"","footnotes":""},"class_list":["post-12","page","type-page","status-publish","hentry","entry"],"yoast_head":"<!-- This site is optimized with the Yoast SEO plugin v26.6 - https:\/\/yoast.com\/wordpress\/plugins\/seo\/ -->\n<title>Contato - IVAN ELETRICISTA<\/title>\n<meta name=\"robots\" content=\"index, follow, max-snippet:-1, max-image-preview:large, max-video-preview:-1\" \/>\n<link rel=\"canonical\" href=\"https:\/\/www.ivanmteletrica.com.br\/?page_id=12\" \/>\n<meta property=\"og:locale\" content=\"pt_BR\" \/>\n<meta property=\"og:type\" content=\"article\" \/>\n<meta property=\"og:title\" content=\"Contato - IVAN ELETRICISTA\" \/>\n<meta property=\"og:url\" content=\"https:\/\/www.ivanmteletrica.com.br\/?page_id=12\" \/>\n<meta property=\"og:site_name\" content=\"IVAN ELETRICISTA\" \/>\n<meta property=\"article:modified_time\" content=\"2026-01-05T00:24:04+00:00\" \/>\n<meta property=\"og:image\" content=\"https:\/\/www.ivanmteletrica.com.br\/wp-content\/uploads\/2025\/12\/cropped-cropped-Gemini_Generated_Image_ighvmbighvmbighv-removebg-preview-1.png\" \/>\n\t<meta property=\"og:image:width\" content=\"512\" \/>\n\t<meta property=\"og:image:height\" content=\"512\" \/>\n\t<meta property=\"og:image:type\" content=\"image\/png\" \/>\n<meta name=\"twitter:card\" content=\"summary_large_image\" \/>\n<script type=\"application\/ld+json\" class=\"yoast-schema-graph\">{\"@context\":\"https:\/\/schema.org\",\"@graph\":[{\"@type\":\"WebPage\",\"@id\":\"https:\/\/www.ivanmteletrica.com.br\/?page_id=12\",\"url\":\"https:\/\/www.ivanmteletrica.com.br\/?page_id=12\",\"name\":\"Contato - IVAN ELETRICISTA\",\"isPartOf\":{\"@id\":\"https:\/\/www.ivanmteletrica.com.br\/#website\"},\"datePublished\":\"2025-12-28T23:45:39+00:00\",\"dateModified\":\"2026-01-05T00:24:04+00:00\",\"breadcrumb\":{\"@id\":\"https:\/\/www.ivanmteletrica.com.br\/?page_id=12#breadcrumb\"},\"inLanguage\":\"pt-BR\",\"potentialAction\":[{\"@type\":\"ReadAction\",\"target\":[\"https:\/\/www.ivanmteletrica.com.br\/?page_id=12\"]}]},{\"@type\":\"BreadcrumbList\",\"@id\":\"https:\/\/www.ivanmteletrica.com.br\/?page_id=12#breadcrumb\",\"itemListElement\":[{\"@type\":\"ListItem\",\"position\":1,\"name\":\"In\u00edcio\",\"item\":\"https:\/\/www.ivanmteletrica.com.br\/\"},{\"@type\":\"ListItem\",\"position\":2,\"name\":\"Sobre Nos\",\"item\":\"https:\/\/www.ivanmteletrica.com.br\/\"},{\"@type\":\"ListItem\",\"position\":3,\"name\":\"Contato\"}]},{\"@type\":\"WebSite\",\"@id\":\"https:\/\/www.ivanmteletrica.com.br\/#website\",\"url\":\"https:\/\/www.ivanmteletrica.com.br\/\",\"name\":\"IVAN ELETRICISTA\",\"description\":\"Solu\u00e7\u00f5es El\u00e9tricas\",\"publisher\":{\"@id\":\"https:\/\/www.ivanmteletrica.com.br\/#\/schema\/person\/dd302b5571d1720ec7850b780fa45fd1\"},\"alternateName\":\"Ivan Mt el\u00e9trica\",\"potentialAction\":[{\"@type\":\"SearchAction\",\"target\":{\"@type\":\"EntryPoint\",\"urlTemplate\":\"https:\/\/www.ivanmteletrica.com.br\/?s={search_term_string}\"},\"query-input\":{\"@type\":\"PropertyValueSpecification\",\"valueRequired\":true,\"valueName\":\"search_term_string\"}}],\"inLanguage\":\"pt-BR\"},{\"@type\":[\"Person\",\"Organization\"],\"@id\":\"https:\/\/www.ivanmteletrica.com.br\/#\/schema\/person\/dd302b5571d1720ec7850b780fa45fd1\",\"name\":\"admin\",\"image\":{\"@type\":\"ImageObject\",\"inLanguage\":\"pt-BR\",\"@id\":\"https:\/\/www.ivanmteletrica.com.br\/#\/schema\/person\/image\/\",\"url\":\"https:\/\/www.ivanmteletrica.com.br\/wp-content\/uploads\/2026\/01\/cropped-cropped-Adobe-Express-file.png\",\"contentUrl\":\"https:\/\/www.ivanmteletrica.com.br\/wp-content\/uploads\/2026\/01\/cropped-cropped-Adobe-Express-file.png\",\"width\":383,\"height\":498,\"caption\":\"admin\"},\"logo\":{\"@id\":\"https:\/\/www.ivanmteletrica.com.br\/#\/schema\/person\/image\/\"},\"sameAs\":[\"https:\/\/www.ivanmteletrica.com.br\"]}]}<\/script>\n<!-- \/ Yoast SEO plugin. -->","yoast_head_json":{"title":"Contato - IVAN ELETRICISTA","robots":{"index":"index","follow":"follow","max-snippet":"max-snippet:-1","max-image-preview":"max-image-preview:large","max-video-preview":"max-video-preview:-1"},"canonical":"https:\/\/www.ivanmteletrica.com.br\/?page_id=12","og_locale":"pt_BR","og_type":"article","og_title":"Contato - IVAN ELETRICISTA","og_url":"https:\/\/www.ivanmteletrica.com.br\/?page_id=12","og_site_name":"IVAN ELETRICISTA","article_modified_time":"2026-01-05T00:24:04+00:00","og_image":[{"width":512,"height":512,"url":"https:\/\/www.ivanmteletrica.com.br\/wp-content\/uploads\/2025\/12\/cropped-cropped-Gemini_Generated_Image_ighvmbighvmbighv-removebg-preview-1.png","type":"image\/png"}],"twitter_card":"summary_large_image","schema":{"@context":"https:\/\/schema.org","@graph":[{"@type":"WebPage","@id":"https:\/\/www.ivanmteletrica.com.br\/?page_id=12","url":"https:\/\/www.ivanmteletrica.com.br\/?page_id=12","name":"Contato - IVAN ELETRICISTA","isPartOf":{"@id":"https:\/\/www.ivanmteletrica.com.br\/#website"},"datePublished":"2025-12-28T23:45:39+00:00","dateModified":"2026-01-05T00:24:04+00:00","breadcrumb":{"@id":"https:\/\/www.ivanmteletrica.com.br\/?page_id=12#breadcrumb"},"inLanguage":"pt-BR","potentialAction":[{"@type":"ReadAction","target":["https:\/\/www.ivanmteletrica.com.br\/?page_id=12"]}]},{"@type":"BreadcrumbList","@id":"https:\/\/www.ivanmteletrica.com.br\/?page_id=12#breadcrumb","itemListElement":[{"@type":"ListItem","position":1,"name":"In\u00edcio","item":"https:\/\/www.ivanmteletrica.com.br\/"},{"@type":"ListItem","position":2,"name":"Sobre Nos","item":"https:\/\/www.ivanmteletrica.com.br\/"},{"@type":"ListItem","position":3,"name":"Contato"}]},{"@type":"WebSite","@id":"https:\/\/www.ivanmteletrica.com.br\/#website","url":"https:\/\/www.ivanmteletrica.com.br\/","name":"IVAN ELETRICISTA","description":"Solu\u00e7\u00f5es El\u00e9tricas","publisher":{"@id":"https:\/\/www.ivanmteletrica.com.br\/#\/schema\/person\/dd302b5571d1720ec7850b780fa45fd1"},"alternateName":"Ivan Mt el\u00e9trica","potentialAction":[{"@type":"SearchAction","target":{"@type":"EntryPoint","urlTemplate":"https:\/\/www.ivanmteletrica.com.br\/?s={search_term_string}"},"query-input":{"@type":"PropertyValueSpecification","valueRequired":true,"valueName":"search_term_string"}}],"inLanguage":"pt-BR"},{"@type":["Person","Organization"],"@id":"https:\/\/www.ivanmteletrica.com.br\/#\/schema\/person\/dd302b5571d1720ec7850b780fa45fd1","name":"admin","image":{"@type":"ImageObject","inLanguage":"pt-BR","@id":"https:\/\/www.ivanmteletrica.com.br\/#\/schema\/person\/image\/","url":"https:\/\/www.ivanmteletrica.com.br\/wp-content\/uploads\/2026\/01\/cropped-cropped-Adobe-Express-file.png","contentUrl":"https:\/\/www.ivanmteletrica.com.br\/wp-content\/uploads\/2026\/01\/cropped-cropped-Adobe-Express-file.png","width":383,"height":498,"caption":"admin"},"logo":{"@id":"https:\/\/www.ivanmteletrica.com.br\/#\/schema\/person\/image\/"},"sameAs":["https:\/\/www.ivanmteletrica.com.br"]}]}},"_links":{"self":[{"href":"https:\/\/www.ivanmteletrica.com.br\/index.php?rest_route=\/wp\/v2\/pages\/12","targetHints":{"allow":["GET"]}}],"collection":[{"href":"https:\/\/www.ivanmteletrica.com.br\/index.php?rest_route=\/wp\/v2\/pages"}],"about":[{"href":"https:\/\/www.ivanmteletrica.com.br\/index.php?rest_route=\/wp\/v2\/types\/page"}],"author":[{"embeddable":true,"href":"https:\/\/www.ivanmteletrica.com.br\/index.php?rest_route=\/wp\/v2\/users\/1"}],"replies":[{"embeddable":true,"href":"https:\/\/www.ivanmteletrica.com.br\/index.php?rest_route=%2Fwp%2Fv2%2Fcomments&post=12"}],"version-history":[{"count":4,"href":"https:\/\/www.ivanmteletrica.com.br\/index.php?rest_route=\/wp\/v2\/pages\/12\/revisions"}],"predecessor-version":[{"id":231,"href":"https:\/\/www.ivanmteletrica.com.br\/index.php?rest_route=\/wp\/v2\/pages\/12\/revisions\/231"}],"up":[{"embeddable":true,"href":"https:\/\/www.ivanmteletrica.com.br\/index.php?rest_route=\/wp\/v2\/pages\/26"}],"wp:attachment":[{"href":"https:\/\/www.ivanmteletrica.com.br\/index.php?rest_route=%2Fwp%2Fv2%2Fmedia&parent=12"}],"curies":[{"name":"wp","href":"https:\/\/api.w.org\/{rel}","templated":true}]}}